y 30?
17
Calculate the remainder when 20227 is divided by 10030.
167
What is the remainder when 9569 is divided by 503?
12
What is the remainder when 632098 is divided by 490?
488
Calculate the remainder when 19808 is divided by 11.
8
What is the remainder when 45879 is divided by 8?
7
Calculate the remainder when 1865 is divided by 301.
59
What is the remainder when 1598097 is divided by 60?
57
Calculate the remainder when 2105951 is divided by 48.
47
Calculate the remainder when 2232 is divided by 841.
550
What is the remainder when 2180 is divided by 190?
90
Calculate the remainder when 11570 is divided by 934.
362
Calculate the remainder when 10679 is divided by 114.
77
What is the remainder when 282623 is divided by 207?
68
Calculate the remainder when 161059 is divided by 49.
45
Calculate the remainder when 69699 is divided by 87.
12
Calculate the remainder when 209561 is divided by 9111.
8
Calculate the remainder when 2832 is divided by 2023.
809
What is the remainder when 14910 is divided by 2980?
10
What is the remainder when 90918 is divided by 5050?
18
What is the remainder when 20491 is divided by 10241?
9
Calculate the remainder when 4884 is divided by 302.
52
What is the remainder when 19911 is divided by 3974?
41
What is the remainder when 17812 is divided by 131?
127
Calculate the remainder when 1181 is divided by 361.
98
Calculate the remainder when 9735 is divided by 952.
215
Calculate the remainder when 166634 is divided by 493.
0
What is the remainder when 12463 is divided by 4154?
1
Calculate the remainder when 28095 is divided by 199.
36
What is the remainder when 952 is divided by 191?
188
Calculate the remainder when 24519 is divided by 675.
219
What is the remainder when 3104 is divided by 105?
59
What is the remainder when 218621 is divided by 74?
25
What is the remainder when 55552 is divided by 496?
0
What is the remainder when 875 is divided by 286?
17
What is the remainder when 882 is divided by 337?
208
What is the remainder when 606209 is divided by 75775?
9
What is the remainder when 44504 is divided by 2463?
170
What is the remainder when 17359 is divided by 14?
13
What is the remainder when 53853 is divided by 5?
3
Calculate the remainder when 10830 is divided by 901.
18
What is the remainder when 4583 is divided by 293?
188
What is the remainder when 1520 is divided by 152?
0
What is the remainder when 81512 is divided by 2090?
2
What is the remainder when 3389 is divided by 788?
237
What is the remainder when 6626 is divided by 549?
38
Calculate the remainder when 55329 is divided by 29.
26
Calculate the remainder when 10417 is divided by 276.
205
Calculate the remainder when 1181 is divided by 197.
196
Calculate the remainder when 93048 is divided by 1330.
1278
Calculate the remainder when 96941 is divided by 82.
17
Calculate the remainder when 12595 is divided by 70.
65
What is the remainder when 41541 is divided by 202?
131
Calculate the remainder when 2472894 is divided by 20.
14
Calculate the remainder when 26258 is divided by 8553.
599
What is the remainder when 6462 is divided by 270?
252
What is the remainder when 2454 is divided by 191?
162
What is the remainder when 1806 is divided by 25?
6
What is the remainder when 33224 is divided by 1564?
380
What is the remainder when 862 is divided by 279?
25
Calculate the remainder when 67360 is divided by 346.
236
Calculate the remainder when 197744 is divided by 48.
32
Calculate the remainder when 4786 is divided by 270.
196
What is the remainder when 173803 is divided by 43450?
3
Calculate the remainder when 18031 is divided by 265.
11
Calculate the remainder when 1516122 is divided by 195.
192
What is the remainder when 649 is divided by 150?
49
What is the remainder when 21563 is divided by 35?
3
What is the remainder when 1457041 is divided by 81?
13
Calculate the remainder when 170077 is divided by 49.
47
Calculate the remainder when 12934 is divided by 359.
10
What is the remainder when 1326009 is divided by 395?
389
What is the remainder when 19577 is divided by 19566?
11
Calculate the remainder when 216076 is divided by 854.
14
What is the remainder when 5469 is divided by 876?
213
Calculate the remainder when 4794 is divided by 26.
10
Calculate the remainder when 23608 is divided by 79.
66
Calculate the remainder when 41876 is divided by 41876.
0
What is the remainder when 51219 is divided by 1312?
51
Calculate the remainder when 17091 is divided by 503.
492
Calculate the remainder when 2022 is divided by 353.
257
What is the remainder when 20498 is divided by 421?
290
Calculate the remainder when 46191 is divided by 101.
34
Calculate the remainder when 8650 is divided by 44.
26
Calculate the remainder when 71391 is divided by 280.
271
Calculate the remainder when 4969 is divided by 14.
13
Calculate the remainder when 8101014 is divided by 56.
54
Calculate the remainder when 2265 is divided by 107.
18
Calculate the remainder when 3207956 is divided by 2345.
2341
What is the remainder when 1345 is divided by 1214?
131
Calculate the remainder when 70725 is divided by 24.
21
Calculate the remainder when 59366 is divided by 70.
6
What is the remainder when 20409 is divided by 17?
9
Calculate the remainder when 1810 is divided by 596.
22
Calculate the remainder when 15157 is divided by 3628.
645
What is the remainder when 782413 is divided by 160?
13
Calculate the remainder when 4883 is divided by 1319.
926
What is the remainder when 1992 is divided by 51?
3
What is the remainder when 3402 is divided by 697?
614
Calculate the remainder when 43661 is divided by 2063.
338
What is the remainder when 5426787 is divided by 555?
552
What is the remainder when 1390 is divided by 454?
28
Calculate the remainder when 23878 is divided by 357.
316
What is the remainder when 16879 is divided by 293?
178
Calculate the remainder when 1101735 is divided by 29.
25
Calculate the remainder when 255116 is divided by 99.
92
Calculate the remainder when 15327 is divided by 54.
45
What is the remainder when 15763 is divided by 344?
283
Calculate the remainder when 4163 is divided by 1301.
260
What is the remainder when 53947 is divided by 2345?
12
What is the remainder when 1119 is divided by 1021?
98
Calculate the remainder when 38971 is divided by 2423.
203
Calculate the remainder when 98755 is divided by 16456.
19
What is the remainder when 1332 is divided by 479?
374
What is the remainder when 835379 is divided by 84?
83
What is the remainder when 58524 is divided by 9?
6
What is the remainder when 21814 is divided by 2419?
43
What is the remainder when 10552 is divided by 23?
18
Calculate the remainder when 1051 is divided by 117.
115
Calculate the remainder when 14030 is divided by 203.
23
Calculate the remainder when 67939 is divided by 43.
42
What is the remainder when 1829 is divided by 74?
53
What is the remainder when 3157 is divided by 537?
472
Calculate the remainder when 86898 is divided by 88.
42
Calculate the remainder when 68671 is divided by 68624.
47
Calculate the remainder when 567 is divided by 52.
47
What is the remainder when 65067 is divided by 185?
132
What is the remainder when 347846 is divided by 93?
26
Calculate the remainder when 78568 is divided by 1311.
1219
What is the remainder when 824 is divided by 409?
6
What is the remainder when 84468 is divided by 13?
7
Calculate the remainder when 63035 is divided by 15741.
71
What is the remainder when 4881 is divided by 153?
138
Calculate the remainder when 321972 is divided by 62.
6
Calculate the remainder when 278290 is divided by 601.
27
Calculate the remainder when 204090 is divided by 4977.
33
Calculate the remainder when 102985 is divided by 156.
25
Calculate the remainder when 36773 is divided by 44.
33
Calculate the remainder when 7005 is divided by 3502.
1
Calculate the remainder when 239889 is divided by 149.
148
Calculate the remainder when 511 is divided by 200.
111
What is the remainder when 68759 is divided by 127?
52
What is the remainder when 238003 is divided by 13?
12
Calculate the remainder when 1508571 is divided by 502853.
12
Calculate the remainder when 90179 is divided by 2437.
10
What is the remainder when 9110 is divided by 2266?
46
What is the remainder when 1335 is 